 -2*d**3 - 4*d**2 + 2*d + 17. Give z(-5).
157
Let z(q) = -10*q + 588. Calculate z(61).
-22
Let p(a) = a**3 - 34*a**2 + 118*a + 64. What is p(7)?
-433
Let y(p) = 32*p + 112. What is y(-6)?
-80
Let b(k) = -2*k**2 + 106*k - 211. Determine b(48).
269
Let j(p) = -57*p + 1052. Give j(24).
-316
Let p(b) = -b**2 + 28*b - 193. What is p(16)?
-1
Let c(g) = -75*g - 100. Determine c(-3).
125
Let b(j) = -j**2 + 16*j - 5. Give b(4).
43
Let u(j) = -j**2 - 42*j + 84. Determine u(-44).
-4
Let k(c) = -22*c**2 - 774*c - 137. Give k(-35).
3
Let h(a) = a**2 - 152*a - 1842. Determine h(-11).
-49
Let c(o) = 1783*o + 7131. Give c(-4).
-1
Let g(o) = 5928*o + 177843. Determine g(-30).
3
Let q(b) = -b**2 + 164*b + 939. What is q(-6)?
-81
Let r(y) = -228*y**2 - 8*y - 8. Determine r(-1).
-228
Let s(n) = -n**3 - 3*n**2 - 11*n + 64. Give s(-7).
337
Let q(s) = -293*s - 3819. Determine q(-13).
-10
Let z(v) = -v - 75. Calculate z(35).
-110
Let g(b) = 2*b**3 - 39*b**2 - 312*b - 44. Give g(-6).
-8
Let v(s) = -s**3 + 7*s. Calculate v(-3).
6
Let l(b) = -1470*b - 7348. Determine l(-5).
2
Let a(c) = c**3 + 14*c**2 - 2. What is a(4)?
286
Let y(o) = -2*o**3 - 17*o**2 - 6*o - 5. Give y(-4).
-125
Let s(v) = v**2 - 223*v - 1881. Determine s(-8).
-33
Let y(v) = v**2 - 13*v - 79. What is y(18)?
11
Let o(r) = r**2 - 16*r + 41. What is o(8)?
-23
Let g(n) = -13*n + 475. Calculate g(37).
-6
Let s(w) = 18*w**3 - 5*w - 1. Calculate s(-2).
-135
Let c(s) = 46*s**3 - 4*s**2 + 7*s - 5. Determine c(1).
44
Let r(w) = 9*w**2 + 342*w + 3. What is r(-38)?
3
Let m(v) = 375*v - 2243. Determine m(6).
7
Let s(g) = 21202*g - 275631. Give s(13).
-5
Let z(c) = 6*c**3 - 163*c**2 + 28*c + 3. What is z(27)?
30
Let o(x) = x**3 - 12*x**2 - 14*x - 13. Calculate o(7).
-356
Let f(r) = -976*r - 137622. Calculate f(-141).
-6
Let w(k) = -6*k + 5. Determine w(-16).
101
Let o(u) = -640*u**2 - 21761*u - 44. Determine o(-34).
-10
Let c(q) = 10*q**3 + 7*q**2 - 47*q - 102. What is c(-2)?
-60
Let d(u) = 2*u**3 - 31*u**2 - 505*u + 53. Give d(-10).
3
Let t(r) = 2*r**3 + 55*r**2 + 81*r + 116. Determine t(-26).
38
Let a(k) = -3*k**2 + 307*k - 996. Determine a(99).
-6
Let d(c) = c**3 + 15*c**2 + 17*c + 15. Give d(-14).
-27
Let w(p) = 822*p + 2400. What is w(-3)?
-66
Let z(d) = 33*d - 933. What is z(28)?
-9
Let t(o) = 58*o + 8751. Determine t(-151).
-7
Let m(k) = k**2 + 29*k + 302. Give m(-19).
112
Let x(t) = 353*t + 5991. Determine x(-17).
-10
Let h(j) = -j**3 + 16*j**2 - 12*j + 196. What is h(16)?
4
Let a(u) = 359*u - 7583. What is a(21)?
-44
Let b(n) = 663*n - 5307. What is b(8)?
-3
Let v(g) = 89*g + 4983. Determine v(-56).
-1
Let s(a) = a**3 + 214*a**2 + 215*a + 423. Give s(-213).
-3
Let h(w) = -3*w**2 + 47*w + 449. Give h(21).
113
Let q(t) = -t**2 - 23*t - 128. Determine q(-15).
-8
Let q(a) = -99*a + 1670. What is q(17)?
-13
Let p(l) = l**2 + 90*l - 4680. Calculate p(37).
19
Let z(c) = -c**3 - 17*c**2 + 238*c - 22. Determine z(9).
14
Let p(j) = -8*j - 186. Calculate p(0).
-186
Let w(g) = -g**2 + 24*g + 1. Determine w(0).
1
Let a(h) = 1103*h - 101477. Calculate a(92).
-1
Let j(k) = k**3 - 37*k**2 + 62*k - 910. Give j(36).
26
Let k(t) = t**3 - 24*t - 13. Calculate k(5).
-8
Let v(f) = -f**3 + 2*f**2 + 2*f + 3. Determine v(3).
0
Let b(g) = 53*g + 3490. What is b(-66)?
-8
Let z(c) = -16*c - 608. Give z(-37).
-16
Let z(x) = -10*x + 785. Determine z(79).
-5
Let s(y) = -55*y + 495. Calculate s(9).
0
Let k(i) = 524*i**2 + 10475*i - 85. Give k(-20).
15
Let u(p) = p**3 - 32*p**2 + 203*p - 1209. Give u(26).
13
Let v(o) = 12*o**2 + 2*o - 5. What is v(4)?
195
Let m(p) = -p**3 - 15*p**2 + 3*p - 13. What is m(-15)?
-58
Let i(p) = -p**3 + 14*p**2 - 34*p - 22. Give i(5).
33
Let j(d) = 212*d + 544. Give j(-3).
-92
Let y(r) = r**2 - 131*r - 11970. Give y(193).
-4
Let z(h) = -13*h**3 + 112*h**2 + 4*h + 3. Give z(9).
-366
Let j(z) = -13*z**2 + 599*z - 55. What is j(46)?
-9
Let o(b) = -4*b**3 + 13*b**2 + 10*b + 10. Calculate o(6).
-326
Let u(w) = -w**2 + 2562*w - 15331. Give u(6).
5
Let g(n) = 21*n - 106. Calculate g(4).
-22
Let k(i) = -i**2 + 30*i - 14. What is k(13)?
207
Let r(p) = p**2 + p - 18. What is r(-13)?
138
Let f(k) = 4*k**2 + 191*k - 46. Calculate f(-48).
2
Let p(o) = -2*o**3 - 40*o**2 - 18*o + 425. Give p(-19).
45
Let i(w) = 4091*w - 36813. Determine i(9).
6
Let q(n) = -85*n**3 - 8*n**2 + 3*n. What is q(1)?
-90
Let x(a) = -285*a + 1887. What is x(7)?
-108
Let d(x) = 24*x + 190. Calculate d(0).
190
Let k(j) = j**3 - 18*j**2 - 37*j - 112. Give k(21).
434
Let p(v) = v**2 + 474*v - 949. Determine p(2).
3
Let r(s) = -2*s**3 - 165*s**2 - 60*s + 1742. Calculate r(-82).
-62
Let z(d) = 263*d - 520. Determine z(2).
6
Let d(p) = -28*p**3 - 281*p**2 + 6*p + 1. What is d(-10)?
-159
Let g(m) = 2*m**3 - 118*m**2 + 346*m - 556. Give g(56).
4
Let h(t) = 156*t + 415. What is h(-5)?
-365
Let v(x) = x**3 - 32*x**2 - 32*x + 110. Give v(33).
143
Let b(c) = 1305*c + 3917. Give b(-3).
2
Let g(u) = u**2 + 25*u - 4805. Determine g(58).
9
Let g(f) = f**2 - 6*f + 37. Determine g(11).
92
Let b(v) = 33*v - 716. What is b(22)?
10
Let s(x) = -x**2 + 3667*x - 25605. Give s(7).
15
Let x(y) = -y**3 - 5*y**2 + 5*y + 14. What is x(-4)?
-22
Let h(s) = 53*s - 828. What is h(15)?
-33
Let j(l) = -2*l**3 + 10*l**2 + 32*l - 121. What is j(6)?
-1
Let w(a) = -1386*a - 113644. Calculate w(-82).
8
Let g(v) = -1672*v - 15000. What is g(-9)?
48
Let h(y) = y**2 + 35*y + 73. Determine h(-31).
-51
Let r(h) = h**3 - 2*h**2 - 19*h - 31. What is r(-4)?
-51
Let v(k) = 2*k**3 - 21*k**2 + 28*k - 8. Give v(9).
1
Let z(w) = -2*w**3 - 55*w**2 - 28*w - 33. What is z(-27)?
-6
Let c(j) = j**2 + 44*j + 204. What is c(-6)?
-24
Let g(i) = -i**2 - 29*i + 204. Calculate g(-34).
34
Let g(q) = 17*q**2 - 1606*q + 745. Calculate g(94).
-7
Let w(z) = -z**3 - 12*z**2 - 17*z + 14. Give w(-9).
-76
Let x(u) = -u**2 + 51*u + 250. What is x(55)?
30
Let p(g) = -5*g**2 - 23*g - 61. What is p(-4)?
-49
Let u(x) = 14*x**2 + 132*x + 4. What is u(-6)?
-284
Let v(k) = 5*k**2 - 273*k + 323. Give v(53).
-101
Let p(i) = 602*i + 19860. Calculate p(-33).
-6
Let s(o) = o**2 - 127*o - 1230. What is s(-9)?
-6
Let g(u) = 2631*u + 44776. Determine g(-17).
49
Let k(l) = -l**2 + 93*l - 2050. Calculate k(34).
-44
Let w(d) = -4*d**2 - 19*d + 73. Determine w(-8).
-31
Let t(j) = -12*j**3 - 1228*j**2 - 409*j - 95. What is t(-102)?
7
Let v(l) = 2*l**3 + 36*l**2 + 49*l + 878. What is v(-18)?
-4
Let y(l) = -3*l**2 + 110*l - 1061. Calculate y(14).
-109
Let q(t) = -t**3 + 14*t**2 - 41*t - 32. What is q(7)?
24
Let s(b) = -6*b**2 + 3*b - 7. Determine s(1).
-10
Let i(n) = 8*n**2 - 228*n - 308. Give i(30).
52
Let a(z) = 39*z**2 - 6749*z + 347. Give a(173).
1
Let f(l) = -18215*l - 18227. Determine f(-1).
-12
Let o(s) = -s**3 + 60*s**2 + 128*s - 191. What is o(62)?
57
Let r(v) = -7*v + 406. Calculate r(57).
7
Let s(j) = j - 42. Calculate s(-18).
-60
Let m(f) = 2*f**2 + 461*f - 3405. Determine m(7).
-80
Let n(r) = -45*r**3 - 6*r + 4. Determine n(1).
-47
Let s(v) = 8*v + 21. What is s(-33)?
-243
Let k(r) = r**3 - 49*r**2 + 97*r - 130. What is k(47)?
11
Let v(n) = -n**3 - 72*n**2 - 267*n + 347. Give v(-68).
7
Let x(v) = 4*v**3 + 66*v**2 - 10*v + 41. Give x(-17).
-367
Let a(m) = 24*m + 262. Determine a(-37).
-626
Let q(a) = a**2 + 9*a - 104. What is q(6)?
-14
Let y(m) = 32*m + 67. Give y(3).
163
Let k(o) = 5*o**2 - 145*o + 580. Give k(4).
80
Let p(m) = 6*m**2 + 58*m - 124. Calculate p(-11).
-36
Let u(b) = -175*b - 1468. Determine u(-8).
-68
Let x(t) = t**3 - 201*t**2 + 209*t - 1814. Give x(200).
-14
Let z(g) = 23*g - 2155. Give z(93).
-16
Let l(a) = -140*a - 885. Calculate l(-7).
95
Let x(a) = -a**3 + 5*a**2 + 34*a - 147. Determine x(7).
-7
Let l(p) = 16*p - 14. Determine l(2).
18
Let o(k) = k**2 - 7*k - 884. Give o(-26).
-26
Let v(m) = m**2 + 341*m + 27819. Calculate v(-135).
9
Let f(c) = -17*c**2 - 14*c + 46. Calculate f(2).
-50
Let f(v) = 2*v - 220. Calculate f(112).
4
Let t(j) = j**3 + 7*j**2 - 17*j - 76. Give t(-9).
-85
Let r(v) = 2*v**3 + 13*v**2 - 99*v - 629. What is r(-7)?
15
Let m(x) = -279*x + 2118. What is m(7)?
165
Let b(k) = -941*k + 3930. What is b(4)?
166
Let o(w) = -2*w**3 + 18*w**2 + 16*w - 51. Give o(9).
93
Let s(y) = 9*y - 1. Give s(13).
116
Let u(w) = 8*w - 405. What is u(32)?
-149
Let c(i) = -11*i + 182. Calculate c(15).
17
Let p(l